{"id":10794,"date":"2020-05-05T11:42:26","date_gmt":"2020-05-05T09:42:26","guid":{"rendered":"https:\/\/www.cinela.fr\/gammes-de-produits\/non%20class\u00e9\/fourrure-poils-longs-pour-zephyx\/"},"modified":"2023-05-12T14:49:29","modified_gmt":"2023-05-12T12:49:29","slug":"fourrure-poils-longs-pour-zephyx","status":"publish","type":"product","link":"https:\/\/www.cinela.fr\/fr\/gammes-de-produits\/bonnettes-zephyx\/fourrure-poils-longs-pour-zephyx\/","title":{"rendered":"Fourrure \u00ab\u00a0Temp\u00eate\u00a0\u00bb poils longs"},"content":{"rendered":"<p>Enveloppe \u00e0 poils longs \u00e0 utiliser en compl\u00e9ment du tissu Z-COVER. <\/p>\n<p>Par rapport \u00e0 la protection \u00e0 poils courts Z-FUR-SH, la protection au vent est am\u00e9lior\u00e9e de 4-5 dB sans d\u00e9gradation acoustique suppl\u00e9mentaire. <\/p>\n<p>Les inconv\u00e9nient se r\u00e9sument \u00e0 un grossissement du volume apparent de la bonnette et \u00e0 une l\u00e9g\u00e8re augmentation de la masse de l&rsquo;enveloppe.<\/p>\n","protected":false},"excerpt":{"rendered":"Enveloppe \u00e0 poils longs \u00e0 utiliser en compl\u00e9ment du tissu Z-COVER. Par rapport \u00e0 la protection \u00e0 poils courts Z-FUR-SH, la protection au vent est am\u00e9lior\u00e9e de 4-5 dB sans d\u00e9gradation acoustique suppl\u00e9mentaire. Les inconv\u00e9nient se r\u00e9sument \u00e0 un grossissement du volume apparent de la bonnette et \u00e0 une l\u00e9g\u00e8re augmentation de la masse de [&hellip;]","protected":false},"featured_media":0,"template":"","meta":[],"product_brand":[],"product_cat":[145],"product_tag":[],"class_list":{"0":"post-10794","1":"product","2":"type-product","3":"status-publish","5":"product_cat-bonnettes-zephyx","7":"first","8":"instock","9":"shipping-taxable","10":"product-type-simple"},"_links":{"self":[{"href":"https:\/\/www.cinela.fr\/fr\/wp-json\/wp\/v2\/product\/10794","targetHints":{"allow":["GET"]}}],"collection":[{"href":"https:\/\/www.cinela.fr\/fr\/wp-json\/wp\/v2\/product"}],"about":[{"href":"https:\/\/www.cinela.fr\/fr\/wp-json\/wp\/v2\/types\/product"}],"wp:attachment":[{"href":"https:\/\/www.cinela.fr\/fr\/wp-json\/wp\/v2\/media?parent=10794"}],"wp:term":[{"taxonomy":"product_brand","embeddable":true,"href":"https:\/\/www.cinela.fr\/fr\/wp-json\/wp\/v2\/product_brand?post=10794"},{"taxonomy":"product_cat","embeddable":true,"href":"https:\/\/www.cinela.fr\/fr\/wp-json\/wp\/v2\/product_cat?post=10794"},{"taxonomy":"product_tag","embeddable":true,"href":"https:\/\/www.cinela.fr\/fr\/wp-json\/wp\/v2\/product_tag?post=10794"}],"curies":[{"name":"wp","href":"https:\/\/api.w.org\/{rel}","templated":true}]}}

https://www.cinela.fr/gammes-de-produits/non%20classé/fourrure-poils-longs-pour-zephyx/

Fourrure « Tempête » poils longs

<p>Enveloppe à poils longs à utiliser en complément du tissu Z-COVER. </p>
<p>Par rapport à la protection à poils courts Z-FUR-SH, la protection au vent est améliorée de 4-5 dB sans dégradation acoustique supplémentaire. </p>
<p>Les inconvénient se résument à un grossissement du volume apparent de la bonnette et à une légère augmentation de la masse de l&rsquo;enveloppe.</p>

Enveloppe à poils longs à utiliser en complément du tissu Z-COVER. Par rapport à la protection à poils courts Z-FUR-SH, la protection au vent est améliorée de 4-5 dB sans dégradation acoustique supplémentaire. Les inconvénient se résument à un grossissement du volume apparent de la bonnette et à une légère augmentation de la masse de [&hellip;]
