{"id":14178,"date":"2023-04-01T09:33:33","date_gmt":"2023-04-01T07:33:33","guid":{"rendered":"https:\/\/www.cinela.fr\/gammes-de-produits\/non%20class\u00e9\/sangle-longue-pour-e-osix-piano-pianissimo\/"},"modified":"2023-05-12T14:50:01","modified_gmt":"2023-05-12T12:50:01","slug":"sangle-longue-pour-e-osix-piano-pianissimo","status":"publish","type":"product","link":"https:\/\/www.cinela.fr\/fr\/gammes-de-produits\/accessoires-autres\/sangle-longue-pour-e-osix-piano-pianissimo\/","title":{"rendered":"Sangle longue pour E-OSIX, Piano &#038; Pianissimo"},"content":{"rendered":"<p>Sangle longue tenant les micros de 21 \u00e0 25mm de diam\u00e8tre <\/p>\n<p>Sangle longue des modules de suspension E-OSIX (isolateurs elliptiques) install\u00e9s sur les suspensions E-OSIX et dans bonnettes PIANO et PIANISSIMO<\/p>\n","protected":false},"excerpt":{"rendered":"Sangle longue tenant les micros de 21 \u00e0 25mm de diam\u00e8tre Sangle longue des modules de suspension E-OSIX (isolateurs elliptiques) install\u00e9s sur les suspensions E-OSIX et dans bonnettes PIANO et PIANISSIMO","protected":false},"featured_media":0,"template":"","meta":[],"product_brand":[],"product_cat":[151],"product_tag":[],"class_list":{"0":"post-14178","1":"product","2":"type-product","3":"status-publish","5":"product_cat-accessoires-autres","7":"first","8":"instock","9":"shipping-taxable","10":"product-type-simple"},"_links":{"self":[{"href":"https:\/\/www.cinela.fr\/fr\/wp-json\/wp\/v2\/product\/14178","targetHints":{"allow":["GET"]}}],"collection":[{"href":"https:\/\/www.cinela.fr\/fr\/wp-json\/wp\/v2\/product"}],"about":[{"href":"https:\/\/www.cinela.fr\/fr\/wp-json\/wp\/v2\/types\/product"}],"wp:attachment":[{"href":"https:\/\/www.cinela.fr\/fr\/wp-json\/wp\/v2\/media?parent=14178"}],"wp:term":[{"taxonomy":"product_brand","embeddable":true,"href":"https:\/\/www.cinela.fr\/fr\/wp-json\/wp\/v2\/product_brand?post=14178"},{"taxonomy":"product_cat","embeddable":true,"href":"https:\/\/www.cinela.fr\/fr\/wp-json\/wp\/v2\/product_cat?post=14178"},{"taxonomy":"product_tag","embeddable":true,"href":"https:\/\/www.cinela.fr\/fr\/wp-json\/wp\/v2\/product_tag?post=14178"}],"curies":[{"name":"wp","href":"https:\/\/api.w.org\/{rel}","templated":true}]}}

https://www.cinela.fr/gammes-de-produits/non%20classé/sangle-longue-pour-e-osix-piano-pianissimo/

<p>Sangle longue tenant les micros de 21 à 25mm de diamètre </p>
<p>Sangle longue des modules de suspension E-OSIX (isolateurs elliptiques) installés sur les suspensions E-OSIX et dans bonnettes PIANO et PIANISSIMO</p>

Sangle longue tenant les micros de 21 à 25mm de diamètre Sangle longue des modules de suspension E-OSIX (isolateurs elliptiques) installés sur les suspensions E-OSIX et dans bonnettes PIANO et PIANISSIMO
